eatest common factor of h and 9?
3
Let o(j) = 4*j**3 + 2*j**2 - 48. Let u be o(7). Calculate the highest common divisor of u and 632.
158
Suppose -2079 = -8808*z + 8787*z. Calculate the greatest common divisor of z and 1397.
11
Let t(q) = q**3 + 97*q**2 + 92*q - 340. Let a be t(-96). Calculate the highest common factor of a and 220.
44
Suppose -19*i + 14*i + 225 = 0. Let r be 1 - i/(-2 - -1). Let v be (-220)/1*r/(-115). What is the greatest common divisor of v and 11?
11
Suppose 18*o + 38912 = 11*o + 71*o. Calculate the greatest common factor of o and 190.
38
Let z(r) = r**2 - 134*r - 2370. Let k be z(-16). What is the greatest common factor of 190 and k?
10
Let r(p) = 644*p**2 - 33*p + 65. Let l be r(2). Calculate the greatest common divisor of 10 and l.
5
Let x be (74 - 0/(-2))/((-14)/(-294)*7). What is the greatest common factor of 84 and x?
6
Suppose -s - 12*a + 746 = -17*a, 3*a = 0. Suppose 0 = -4*h + 770 - s. What is the greatest common divisor of 46 and h?
2
Let v be 48 + 1 + 2 + -2. Suppose v + 71 = 30*u. Calculate the highest common factor of 116 and u.
4
Suppose 0 = 3*a + 5*d + 21 + 5, -d - 2 = -a. Let o(q) = -4*q. Let r be o(a). Let k be 54/10 + r/(-20). Calculate the greatest common divisor of 1 and k.
1
Let k be 1*(0 + 174) - -1. Suppose -57*s + 1005 = -2402 - 583. Calculate the highest common factor of k and s.
35
Let t = 36 - 17. Suppose -3*i = -2*h - t, -5*i - 3*h - 9 = -3*i. Let o = 2231 - 2230. Calculate the greatest common factor of o and i.
1
Suppose 32*g - 15640 = 6088. Calculate the greatest common factor of 161 and g.
7
Suppose -11*o - 7285 = -7659. Let z(i) = 4*i - 5. Let n(c) = c - 2. Let d(a) = 17*n(a) - 6*z(a). Let t be d(-3). What is the greatest common factor of o and t?
17
Let s(b) = -b**3 - 12*b**2 - 37*b - 4. Let v be s(-6). Suppose -v*d - 33 = -61. Calculate the highest common divisor of d and 14.
14
Let k = 377 - 1154. Let c = -489 - k. What is the greatest common divisor of c and 216?
72
Let b(r) = -35*r**3 + 5*r**2 - 8*r - 1. Let h be b(-2). Calculate the greatest common divisor of 90 and h.
45
Let g = -4772 + 4789. What is the greatest common factor of g and 7633?
17
Suppose 11*s = -53*s + 883 + 1421. What is the highest common factor of s and 204?
12
Let f(i) = 2*i**3 - 2*i**2 - 16*i + 13. Let n be f(-8). Let a = -673 - n. What is the greatest common divisor of 26 and a?
26
Suppose -259*r - 340 = -269*r. Suppose 7*k + r = 181. What is the highest common divisor of 840 and k?
21
Let m be (-1 + 1)/(-8 + 7). Suppose 3*y = -m*y + 54. Suppose 0 = -2*s - 2*t + 18, 2*s - 75 = -3*s + 5*t. Calculate the greatest common divisor of y and s.
6
Let q = 136 - 134. Suppose 0*l = -2*l + n + 39, 0 = -q*l - 4*n + 24. Suppose -18*k = -20*k + l. Calculate the greatest common divisor of k and 3.
3
Let z(b) = 8*b**2 - 109*b - 1474. Let m be z(-14). What is the highest common factor of 100 and m?
20
Suppose -4*f = 4*r - 84, -3*r - 33 = -3*f + 18. Suppose -3*w + 54 = -4*g, -72 = -f*w + 15*w + 3*g. What is the highest common factor of 30 and w?
6
Suppose -2*j - 2*j + 8 = 0. Let a = -113 + j. Let o = a - -122. What is the highest common factor of 121 and o?
11
Suppose 0 = 2*i - 2*a - 682, -i + 51*a = 46*a - 329. Calculate the highest common factor of i and 301.
43
Let f = 5791 + -5089. What is the greatest common divisor of 260 and f?
26
Suppose 124 = 5*u - 36*u. Let z be -14 + (0 - -2) + 0. Let t be (-789)/z + (-1)/u. Calculate the highest common factor of 165 and t.
33
Let u = 43 + -29. Suppose 2 = 5*o - 8. Suppose o*w - 35 = w. Calculate the highest common divisor of w and u.
7
Suppose -219*l + 1229168 = -997624. Calculate the highest common divisor of l and 820.
164
Let i = -7 + 11. Let u(d) = -15*d**2 + 139*d - 120. Let z be u(8). Calculate the highest common divisor of z and i.
4
Let b = 1647 + -1501. Suppose 3*g - 398 = r, -g + 3*r = -2*r - 156. Suppose -4*u + s + g = 6*s, -2*s = 4*u - b. What is the greatest common divisor of 13 and u?
13
Let r(o) = -o**3 - 18*o**2 + 87*o - 20. Let y be r(-22). Suppose 76 = 3*g - x, 2*x + 73 - 2 = 3*g. What is the highest common factor of g and y?
1
Let l be ((-2)/6)/((-365)/45 + 8). Suppose 0*d - d + l = 0. What is the highest common factor of 48 and d?
3
Let z(o) be the first derivative of -o**3/3 + 11*o**2/2 + 8*o - 136. Let a be z(6). What is the greatest common divisor of a and 513?
19
Suppose 0*s = -3*s + 1110. Let h be (-1)/((-6)/222)*1. Calculate the greatest common factor of s and h.
37
Let z be 1280*-4*(-4)/16. What is the greatest common divisor of 32 and z?
32
Suppose -3*g - 72 = -n + 5*n, 0 = -5*g - 3*n - 109. Let j be (g/(-25))/((-2)/(-65)). What is the greatest common factor of j and 39?
13
Let o be 5/((-30)/(-66)) - -5. Let i(d) = 20*d + 44. Let c be i(5). Calculate the greatest common divisor of c and o.
16
Suppose -13 = 3*z - 4*s - 58, -5*z + 46 = 3*s. Suppose 20*i = -3*i + 1771. Suppose 5*q + i = 12*q. What is the highest common divisor of z and q?
11
Let d(z) = 282*z - 952. Let y be d(4). What is the greatest common factor of 32 and y?
16
Suppose -8*g = 6*g - 84. Let d be (196/7)/(1/g). Calculate the greatest common divisor of 16 and d.
8
Suppose -3*p = -3*d + 507, 8*d - 9*d - 5*p = -163. Suppose d*y - 167*y = 14. Calculate the greatest common factor of y and 70.
14
Suppose 2*z - 16*c = -14*c + 9408, -c = 4*z - 18831. Calculate the greatest common divisor of z and 36.
9
Suppose 5*c - 4*w + 1422 = -1053, -3*c - 1468 = w. Let t = 746 + c. What is the highest common factor of 30 and t?
15
Let m be (4/18)/(-4*3/(-108)). Suppose c - m*h - 20 - 110 = 0, 3*c + 2*h - 366 = 0. Calculate the highest common factor of c and 93.
31
Let n(c) = -3*c + 66. Let b be n(18). Suppose 17*x - b*x = 350. What is the greatest common divisor of 14 and x?
14
Let s(w) = -8*w + 3. Let c be s(-1). Let v be (-308)/(-98)*(-147)/(-6). Calculate the highest common factor of c and v.
11
Let t be (19870 - -137)*(15/(-9))/(-5). Calculate the greatest common factor of 114 and t.
57
Suppose -4 = 4*g, 0*r - g + 44 = 3*r. Suppose r = x - 2. What is the greatest common factor of x and 323?
17
Suppose 40*m - 46400 = -148*m - 8236. Calculate the highest common factor of m and 868.
7
Let b = 53 + -32. Suppose -9 = 3*o - b. What is the greatest common factor of o and 3?
1
Let m = 4359 + -775. Calculate the greatest common factor of 7 and m.
7
Let k be (-3 + 7)/4*12. Suppose 0 = 23*z - 31*z + 32. Calculate the greatest common factor of z and k.
4
Let t be (0 + -10)*(-8)/4 - 4. Let y be ((-26)/t - -2) + (-615)/(-24). Calculate the highest common factor of 221 and y.
13
Let b = 90 + -46. Let p = b - 109. Let m = p - -73. What is the highest common factor of m and 56?
8
Let b be ((-69)/(-6))/(13/(-858)*-3). Calculate the highest common divisor of b and 184.
23
Suppose 8*y - 24 = 24. Suppose 3*l + h - y = 2*l, -2*l = h - 7. Suppose -5*n + s = -3*s + l, 5*n - 23 = -2*s. Calculate the greatest common divisor of 24 and n.
3
Let c = -125 - -305. Suppose -8*r + c = -380. What is the greatest common factor of r and 315?
35
Let d = -3 - -17. Let n = 169 - 165. Let a be 6/4 - n/(-8). What is the highest common factor of d and a?
2
Let k be 1 - (-5 + 4 - 0). Suppose k*s - 4*t = 572, -572 = s - 3*s - 3*t. Let d = s - 134. Calculate the highest common divisor of 19 and d.
19
Let w = 100 - 245. Let q be (((-2)/(-1))/2)/(w/(-5220)). Let r = 35 - 11. Calculate the highest common divisor of q and r.
12
Let t = 17302 - 17009. Calculate the highest common divisor of 35453 and t.
293
Let n be (-1)/(-4 - (-422)/106). Let u = 30 - n. Let p be 0*5/15 - u*1. What is the highest common factor of p and 23?
23
Let c(k) = k**3 - 4*k**2 - 8*k + 15. Let q be c(6). Let p(v) = 2*v - 4. Let x be p(-9). Let n = x + q. What is the highest common divisor of n and 51?
17
Let w = -2136 + 2289. Calculate the highest common factor of 391 and w.
17
Let x(t) = -4*t + 78. Suppose 2*s = -q + 15, -2*q + 0*q - 2*s = -28. Let v be x(q). What is the highest common factor of 65 and v?
13
Suppose 41*j = 11*j + 24210. Let r = j - 622. What is the greatest common factor of 111 and r?
37
Suppose 1689*y - 1687*y - 110 = 0. What is the greatest common divisor of y and 2365?
55
Suppose -5*v - 3*f + 46 = 245, -4*f = 3*v + 126. Let k be 24/(-228) + (-4108)/v. Calculate 